-125 - -1)
-119
Calculate -28 - ((10 - (1 + -2)) + -2504 + 2482).
-17
What is -20 + (-3 - 1) - (-14 + (-15 - -20))?
-15
Calculate -4 - (0 + 14) - (1006 - 981).
-43
What is (158 - 151) + (1 - (-2 + 1 - -1) - 8)?
0
What is (44 - 1) + 1307 + -1344?
6
-61 + -10 + (39 - 10 - (1 - -5 - -5))
-53
What is the value of -42 + -4 + 49 - (-23 - -1)?
25
Evaluate 0 + (-1 + (14 - 4) + 3 - (-96 - -104)).
4
Calculate -96 - -1 - (7 + (4 - 36 - -30 - 19)).
-81
Calculate 15 + -47 - -30 - 1.
-3
What is the value of -48 + (1 - (-3 - -4) - -4) + (187 - 175)?
-32
Evaluate 2 + -8 - (-361 + 327).
28
Evaluate (6 + 38 - -34) + -131.
-53
Evaluate 20 + (-15 + -2 + -1 + 15 - 91).
-74
Calculate -50 - -64 - (-25 + (-13 - -9)).
43
-14 + (-1 - (0 + -6)) + (-3712 - -3653)
-68
Evaluate 85 + -98 - (-5 + (5 - 2) - 34).
23
What is the value of (-135 - (-2 - 24)) + -6 + 13?
-102
Evaluate 10 + 2 + -13 + -49 + (-4 - -5).
-49
What is -1277 - -1189 - (-9 + -1)?
-78
27 + 0 - ((5750 - 5735) + -10 + (1 - 0))
21
Evaluate (6 - ((-10 - -16) + 3) - 2 - 28) + -1.
-34
Calculate 190 - (149 - 97 - -81).
57
What is 37 + (10 + 5 - (-86 + 120))?
18
0 + 0 + 20 + 1 + -46 + 10 + 19
4
Evaluate -4 + 4 + 3 + -4 + 1 + (27 - 23).
4
Calculate 17 - (-7 + (1 - 24) + 87).
-40
Evaluate -1 - 63 - (-4308 - -4281).
-37
What is the value of (-2 - 14) + -130 - (-5 - -1 - (9 + 0))?
-133
What is 1 + -9 + 3 - (7318 + -7403)?
80
What is -104 - (80 + -241) - 10?
47
What is the value of -40 - (-14 + 22 + -15 + 3 - (-2 - -9))?
-29
2870 + -2877 + (-30 - -2)
-35
Evaluate 6 - (-15 - -22) - 50.
-51
Evaluate (-18 - (-14 + -56)) + 2 + -3 + 5 + 8.
64
What is -40 - (-54 - 1 - -63)?
-48
Evaluate (-24 - (-10 + -16)) + -17 + 16.
1
Calculate (-85 - (4 - 2)) + (95 - 98 - 17).
-107
What is 6 + 2 + -129 - (-674 + 657)?
-104
What is 1 + 3 + 7 + (-7 - -3 - 0) + 14?
21
Calculate -12 - (-20 + 27 + -11 + (-10 - -7) + -3).
-2
-169 + 194 + 24 + (14 - 48)
15
Evaluate -26 - (-57 + 21 + -19 + -2).
31
What is -26 + 115 + 34 + -271?
-148
What is the value of (-1 - (-1 + 0)) + 10 + -19 + 124 + -117?
-2
(-28 - (-60 - -30)) + (0 + 0 - 40)
-38
-22 + (-1065 + 1062 - (42 - 1))
-66
(-2 - -2) + 0 - (-526 - -573)
-47
Evaluate -5 + 4 + -4 + 3 + (11 + -7 - -3).
5
Evaluate 3431 + -3482 - (0 - -23).
-74
Evaluate (43 - (31 + 57)) + (12 - -21).
-12
What is the value of -2 - (16 - (-69 + 93 + -13 + 0))?
-7
(-3 - -8) + (246 + -237 + (-25 - -2) - -12)
3
Evaluate 8 - (-16 + 20 - 28).
32
What is (-69 - 24) + -29 - -69?
-53
What is 1 + -20 - (17 + -16 + -25)?
5
What is -3 + 12 + (-74 - -30) + (20 - 8)?
-23
What is 9 + -18 - (19 + -23 + 11 + -5) - 89?
-100
What is (-49 - -39) + 19 + (8 + 1 + -5 - -2)?
15
Evaluate -38 + 37 + -22 + 2 + -19.
-40
What is the value of -1100 + 1008 + 1 + -4 + 3?
-92
5 + (-9 + 21 - 10) - (63 - -4)
-60
What is 21 + 31 + -43 + -36 + -1 + (9 - 1)?
-20
Evaluate 21 - (7 - ((1 - -6) + (-2 - -6))).
25
Calculate (5 - (6 - 3)) + 266 + -249 + -9.
10
Calculate 81 - (30 + 129 + -11).
-67
-27 + -9 - (-11 + 2) - (-3 + -2)
-22
Evaluate (-61 - -43) + -16 + -15 + 106.
57
Evaluate (-10 + 0 - (26 + (-21 - 46))) + -2.
29
What is the value of -28 + 14 + 43 + (-21 - -98)?
106
Calculate (1 - -32) + (78 - 80).
31
What is the value of -1 - -1 - (0 - (91 + -109))?
-18
7 + 1 + (121 - (-25 - -104))
50
What is the value of -24 + 14 + (4 + (6 - -1) - -61)?
62
Evaluate -13 + 27 - 2 - (-1 + 47 - (-21 + 15)).
-40
Calculate 9 - (-56 - -76 - (1 - 50)).
-60
Evaluate (5 - -52) + 406 + -410.
53
Calculate 1 - (37 + -27 - 78) - (-1 + -1).
71
What is -105 - (-13 + -139 - -136)?
-89
What is (0 - 1) + 3 + -8 + 13 - 13?
-6
Calculate -12 + -1 - (-61 + 3 + 0 + 19).
26
What is the value of (-13 - -59) + (1 + -13 + (109 - 90) - 8)?
45
Evaluate -88 + 23 + 362 + -248.
49
Calculate -58 + (-56 - -119) + (3 - (3 + -3) - 32).
-24
What is -6 + 5 + 0 + (68 - 0) + (698 - 717)?
48
Calculate 107 + 146 + -115 + -110.
28
What is -10 + (14 + 12 - 5 - (-1 + 10))?
2
Calculate 2 + (-15 - 4) - -51 - (-3 - 5).
42
Evaluate 52 - (18 - (-25 - -87)) - 35.
61
What is the value of (5 - 7 - 7 - (-34 - -1)) + 9 - 8?
25
Evaluate -12 + (10 - (-3 + (6 + 8 - 2) + -9)).
-2
-91 + (-54 - -97) + 103
55
Calculate 52 - ((6 - -1) + 5 + -8).
48
Calculate 4 + -28 - (-223 + 175).
24
Evaluate 1 - (39 - 2) - ((32 - 19) + -10).
-39
Evaluate -3 - (1 - (-4 + 78 + -16)) - -7.
61
What is the value of -35 + (86 - 49) - -38?
40
What is the value of (-44 - (20 + -57)) + -6 + -6?
-19
What is the value of -71 + 17 - (-10 - (-4 + -9 + (19 - 8)))?
-46
What is the value of (9 - -1 - (-70 + (-58 - -69))) + -10?
59
What is 19 + -21 + (2 - 33 - (9 - 20))?
-22
What is the value of 43 + (43 - 92) - (63 - -7)?
-76
What is -9 + 0 + -12 + 29 + 7 + -38?
-23
Evaluate -48 + (-6 - (23 + -50)).
-27
What is the value of 27 - (-8 - (0 - 24)) - 32?
-21
What is the value of -15 - (-8 + -1) - (-6 + 2 + 7)?
-9
What is (-7 - -2 - (-162 - -180)) + -12?
-35
What is the value of -42164 + 42151 + (-11 + -1 + 1 - -1)?
-23
What is the value of 125 - (31 + 9 - -52)?
33
Evaluate 54 + -77 + (-2 - -2) + (-3 - 1).
-27
-9 + 22 + (-14 - 19) + 58
38
35 + (-1 - -13) + (-903 - -918) - (13 - 0)
49
What is -13 + (17 - 20 - -1) + -91?
-106
What is (817 - 820) + 1 + -34?
-36
Calculate -69 + -1 + (691 + -685 - (3 - -4)).
-71
What is (-316 - -332) + 2 + -29 + (-15 - 29)?
-55
11 + -2 + 12 + -12 + -51
-42
Evaluate 25 - (24 - (-66 - -52)).
-13
Evaluate 0 + 8 + -5 - ((-54 - -15) + 96).
-54
58 + (-9 - (-25 - 6)) + (-18 - -16)
78
What is the value of (1842 - 1860) + (133 - (-4 - (-6 - 2)))?
111
Calculate -1 - (-25 - (-4 - (12 + 3))).
5
Calculate 16 - (-20 - (-34 - 21)).
-19
What is the value of -33 - (-18 + 0 + (-30 - (-21 - 12 - 7)))?
-25
What is 75 + -74 - (-62 + 80)?
-17
Calculate (21 - (6 + (23 + -3 - 41))) + (-6 - -1).
31
What is -50 + 12 + (71 - 87)?
-54
1 + (13 - 0) + -27 + 6 + 40
33
What is 1 + 23 + -13 + 70 - 21?
60
Calculate 1 + (-4 - ((22 - 51) + 43 + 2 + -110)).
91
39 - (-18 - (-74 - 60))
-77
What is the value of 1 - -74 - (-22 + -14 - ((-15 - -16) + -28))?
84
Calculate (0 - (-3 + -2)) + (-56 - (57 - 103)).
-5
Calculate -50 - ((-73 - -127) + -42).
-62
What is the value of (4 - (-16 + (-5 - (-6 - 6)))) + -16?
-3
Evaluate (15 - -1) + (-8 - 41) + 124 + -10.
81
Evaluate -8 + 8 + -14 + 2 + -4 + 36 + 5.
25
What is the value of (149 - 4) + (74 - 149)?
70
Evaluate -9 + -3 + (-8 + 2 - 40) + 8.
-50
Calculate 13 + (52 - (34 - -20)).
11
Evaluate -79 - (-48 - (-30 + 30)).
-31
Evaluate (-19 - 37) + -23 + 54.
-25
(1 - 1 - 7) + (-15 + -32 - -45)
-9
What is the value of -12709 + 12690 - (1 + -2 + -36)?
18
What is (-7 - -26) + (26 - 49) + (1 - -2) - 11?
-12
-22 - (48 + -37) - -6 - 93
-120
Evaluate -65 + 8 + 18 + 8 + -16.
-47
Evaluate -1632 + 1640 - (-3 + 1 + -12 + 85).
-63
Calculate 2 + (-1 - 0) + 2 - (25 + 5 + -10).
-17
Calculate 2 - (17 + 28 + -109 - (-11 - -1)).
56
Evaluate 4 + -3 + 0 + -1 + (293 + -112 - 178).
3
(-42 + 4 - 9) + (-2 - (9 + (2 - 11)))
-49
Evaluate 2 + 0 - (-7 + (124 - (42 + 15))).
-58
Calculate -66 + 109 - (89 - -2).
-48
0 - ((241 - 262) + -38 + 4 + -7)
62
What is 107 + 2 + (10 + (8 - 15) - 9)?
103
What is the value of 49 + -5 + 1 + 3 + (0 + 4 - 7)?
45
Evaluate -74 - ((-7 - 45) + -2).
-20
What is 6 + -7 - -23 - (-9 + (5 - (1 + -9)))?
18
Calculate (-26 - -4) + -2 + (0 + 11 - (-477 - -491)).
-27
What is the value of (1 + -17 - 2) + (277 - 238 - -21)?
42
2 + -3 + -21 - (-3991 + 4101)
-132
What is the value of (-25 - -25) + 27 + -100?
-73
What is the value of -26 + 15 - (-1 - ((-14 - 3 - -9) + -1))?
-19
What is the value of 1 - -18 - (64 + 58 + -137)?
34
What is -22 + -1 - (2 - -12 - (3 - -5))?
-29
What is the value of 57 + -19 + -71 + (1 - (-2 + 0)) + -3?
-33
(20 + 0 - (-464 + 474)) + (1 - 9)
2
Calculate 33 + -73 + 47 + -18.
-11
Evaluate (-63 - (92 + -102)) + -31.
-84
-32 + 41 + 58 + -20
47
What is the value of 21 + -75 + (16 - -8)?
-30
Evaluate -2 - 4 - (1767 - 1793).
20
Calculate 154 + (-23 - (-11 - 2) - 4) + -6.
134
-30 - (-6 - 16) - (-5 + (60 - 0))
-63
Evaluate ((-19 - -1) + 2 - -3) + 36 + 12.
35
Calculate -99 - (-1 + 4 - (3 - 15)).
-114
Evaluate 144 - 63 - (33 - -3).
45
What is (90 - 1 - (53 + -61) - (29 - 16)) + 6?
90
2 - -5 - (16 + (56 - 4) + -18) - -8
-35
What is 109 - 52 - 8 - -2?
51
Evaluate (-3 - 5) + 13 + 4 + (2 - -2).
13
Evaluate (4 - 3 - 2) + (25 - 10) - -24.
38
Evalua